 15, -2*x = 5*q - 0 + 5. Suppose -x = 4*f - 130. List the prime factors of f.
2, 3, 5
Let u = 757 + -491. What are the prime factors of u?
2, 7, 19
Let t(q) = -q + 10. Let s be t(8). Suppose v + s*v = 60. List the prime factors of v.
2, 5
What are the prime factors of 15/(-3) + 223 - -2?
2, 5, 11
Let r(c) = c**2 - 2*c + 4. Let a be r(3). Suppose s + s = -10. Let n = a + s. List the prime factors of n.
2
Let t(g) = 8*g + 10. List the prime factors of t(26).
2, 109
Let k = -1 + 18. What are the prime factors of k?
17
Let z be (20*3/6)/2. Suppose z*m - 260 = v, m + m = 4*v + 104. What are the prime factors of m?
2, 13
Let z be (-10)/(-25) + 3/5. List the prime factors of (-4 - z)*(-18)/30.
3
Suppose 0 = 4*g + 3*o - 57, 0 = 2*g - 3*g + 4*o. What are the prime factors of g?
2, 3
Let u(b) = -b**3 - 15*b**2 - 18*b - 15. What are the prime factors of u(-14)?
41
Let q = 4 - 10. Let t(o) = -2*o + 3. Let h(b) = -b + 2. Let g(n) = -5*h(n) + 3*t(n). What are the prime factors of g(q)?
5
Suppose -g - 8 = -5*g. Suppose -2*i = 3*a + g - 4, -4*i + 44 = -4*a. What are the prime factors of i?
7
List the prime factors of -4 - (-126 - 2/(-2)).
11
Suppose -3*g + 0*g = 5*i - 8, 7 = 5*i + 2*g. Suppose 2*u - 33 = -i. What are the prime factors of u?
2
Let q(a) be the second derivative of a**3/3 + a**2 + a. List the prime factors of q(3).
2
Let y be (-2)/(144/75 + -2). Let r be ((-1)/2)/((-3)/18). Suppose -r*s + 8 = -y. List the prime factors of s.
11
Suppose 4*s + 0*r = 4*r, r - 15 = -2*s. Let o(l) = 2*l**2 - 6*l + 4. List the prime factors of o(s).
2, 3
Suppose 4*v - 3 = 3*h, 0*h + 3*v + 1 = -h. Let j(r) = -2*r + 1. What are the prime factors of j(h)?
3
Suppose 22 = 3*c - c. Suppose 3*z - 5*m - 25 = 0, -z + 4*z - c = -2*m. List the prime factors of z.
5
List the prime factors of (-2 - (41 - 8))*(-12)/14.
2, 3, 5
Let p(m) = 4*m - 5. Let u be (2 + 8/(-6))*15. List the prime factors of p(u).
5, 7
Suppose 2*x - 5*w - 180 = 0, 2*x - 429 = -3*x + 2*w. List the prime factors of x.
5, 17
Let f = 23 - -12. What are the prime factors of (30/f)/(1/7)?
2, 3
Let i(k) = 3*k**2 - 3*k. What are the prime factors of i(4)?
2, 3
Suppose 3*f + 1 + 0 = u, u = 5*f - 1. Suppose -u*p - 2 = -3*p. What are the prime factors of (p - 3/6)*-2?
5
Let s(t) = -t**2 - t + 5. Let z be s(0). Suppose c + m + 0 = -7, -5*m - z = 0. Let j(g) = -g**2 - 9*g - 5. What are the prime factors of j(c)?
13
Let i = -109 + 201. What are the prime factors of i?
2, 23
List the prime factors of 1290/14 + 4 + (-145)/35.
2, 23
Suppose -3*t - 1 + 46 = 0. List the prime factors of t.
3, 5
Let f(u) be the third derivative of u**5/60 + 7*u**4/24 + 3*u**3/2 - u**2. What are the prime factors of f(-8)?
17
Let u = 6 + -1. Suppose -u*h = -3*h - 22. List the prime factors of h.
11
Let d(o) = -o + 10. Let h be 7/((0 + 1)/1). Let t be d(h). Suppose -l = -3*n + 35 - 13, -t*n - 4*l = -47. What are the prime factors of n?
3
Let x = 16 + -35. Let o be 3 + -3 + 1 - x. Let h = o - 8. What are the prime factors of h?
2, 3
Suppose 0 = p - 2 - 0. Suppose -4*n + 20 = -p*n. What are the prime factors of n?
2, 5
Suppose p = -1, -2*p - 17 = -3*o + 3*p. Suppose a - 15 = r, o*r - 20 - 4 = -2*a. What are the prime factors of a?
2, 7
Let t(r) = -r + 1. Let a be (-3 + 2)*(6 + -2). What are the prime factors of t(a)?
5
Suppose 3 - 2 = 3*n + 2*m, 0 = -5*n + 4*m + 31. Let u be 38/6 + 2/n. Let w = u + -2. What are the prime factors of w?
5
Let k(x) = -x**3 - x**2 + x - 3. Let b be k(-3). Let d = 21 - b. List the prime factors of d.
3
Let o = 35 - 19. List the prime factors of o.
2
Let t = -213 + 302. List the prime factors of t.
89
Suppose -4*p - p = -5*v, 4*v = 0. Suppose -h - 3*x = h - 29, -2*h + 4*x - 6 = p. What are the prime factors of h?
7
Let g = -5 - -9. List the prime factors of g.
2
Suppose -121 = -2*c + 4*t + 21, c = t + 70. What are the prime factors of c?
3, 23
Let m be 13/(4/2 + -1). Suppose c - 5 = -6*w + 5*w, 0 = -4*w + 3*c + m. Suppose 2*u - w - 4 = 0. List the prime factors of u.
2
Let f(x) = -x + 7. Let u be f(5). Suppose 0 = -2*w + 3*m - 151, -u*w - 2*w - 277 = -m. List the prime factors of 3/(-9) + w/(-6).
11
Suppose i + 2 = -2*q, 2*i - 16 = -0*i + q. What are the prime factors of 39 - -2*3/i?
2, 5
Let a = 3 - 1. Suppose a = 3*b - 16. List the prime factors of b.
2, 3
Let a(k) = -k**2 - 3*k + 4. Suppose d = 3*d + 6. Let c be a(d). List the prime factors of 39/2 - 2/c.
19
Let l(i) be the third derivative of i**5/60 - 2*i**3/3 + i**2. Let a be l(-3). Suppose 2*m + a*s = -2*m - 9, m - s = 9. What are the prime factors of m?
2
Suppose 3*j - 36 = 4*o + 209, 2*j = 5*o + 161. What are the prime factors of j?
83
Suppose 3*m - 61 = 14. List the prime factors of m.
5
Suppose 10*j - 7*j + 287 = 2*q, 0 = 5*q + 3*j - 665. List the prime factors of q.
2, 17
Suppose -6*x + 296 = -2*x. Let b = x - 36. List the prime factors of b.
2, 19
Suppose o = 4*o, 2*o + 3 = a. Suppose -4*d = a*b - 0*b - 71, -4*b + 6 = -d. What are the prime factors of d?
2, 7
Let o = 19 - -35. List the prime factors of o.
2, 3
Let k(i) = i**3 + 8*i**2 - i - 4. Let x be k(-8). Suppose -23 = -6*h + 5*h + x*b, -5*h = -2*b - 25. Suppose h*p = -p + 36. What are the prime factors of p?
3
Suppose 0 = -5*o + 3*x + 81, -5*o = -o - 2*x - 64. Suppose -5*b + 0*b = o. What are the prime factors of 12 - (-3 + 2 - b)?
2, 5
Let u(q) = -q**3 - 3*q**2 + 7*q. Let y(x) = -2*x**2 + 5*x - 2. Let r be y(3). List the prime factors of u(r).
3, 5
Let k(g) = 3*g - 1. Let s be k(2). Suppose 2*t - j - 17 = -2*t, -20 = -t - s*j. List the prime factors of t.
5
Suppose 2*n + 4 = 2*u, 2*n + 4 = 3*u - 2. Suppose -p = 2*o - 20, 5*o + 108 - u = 4*p. List the prime factors of p.
2, 3
Let o(p) = p**2 - 3*p + 1. Let j be o(1). Let t = j + 3. List the prime factors of t.
2
Suppose 0 = -2*c - 6, -3*c + 0*c = -2*w + 17. Suppose 2*o - 14 = 2*p - w*p, -o - 13 = -p. List the prime factors of p.
2, 5
Let v be (2 - 1)/(1/(-47)). Let n = 74 + v. Suppose -9 + n = 2*y. What are the prime factors of y?
3
Let v = 27 - -56. Suppose 5 = -2*a + v. List the prime factors of a.
3, 13
Let z = -3 + -7. Let l = 20 + z. List the prime factors of l.
2, 5
Let t(u) be the third derivative of -u**4/3 - u**3/3 - 2*u**2. List the prime factors of t(-2).
2, 7
List the prime factors of (-2094)/(-10) + (-75)/(-125).
2, 3, 5, 7
Let o(d) be the first derivative of 2*d**2 - 2*d + 1. What are the prime factors of o(2)?
2, 3
Let w(i) = 6*i**2 - 2*i + 2. What are the prime factors of w(-5)?
2, 3
What are the prime factors of 447/(-6)*(-1 + -3)?
2, 149
Let i = -185 - -552. What are the prime factors of i?
367
Let h(u) = 4*u**3 + 2*u - 1. Let o be h(1). Suppose n - 5*s = -0*n + 13, 2*s - 11 = -o*n. What are the prime factors of n?
3
Let h(u) = 13*u**2 - 27*u - 9. Let y(i) = -7*i**2 + 14*i + 5. Let g(d) = 6*h(d) + 11*y(d). Let s be g(6). Let o = 22 + s. List the prime factors of o.
11
List the prime factors of ((-1 - -48) + 4)*1.
3, 17
Suppose 0 = 2*g - 5*o - 102, 3*g - o - 91 = 62. What are the prime factors of g?
3, 17
Let t = -2 + 4. Suppose 4*s = 4*j + 4, t = 4*s - j + 1. Suppose s = 2*u + 5*f - 17, -2*f = 4*u + 2*f - 28. List the prime factors of u.
2, 3
Let i = 0 - 9. Let r(n) = -n**2 - 8*n + 5. Let k be r(i). What are the prime factors of 97/9 - k/18?
11
Suppose 0 = 4*r - 5 - 15. Suppose -9 = -2*o + r. List the prime factors of o.
7
Let d = 11 + -8. Let z(w) be the first derivative of -w**4/4 + 4*w**3/3 + w**2/2 - 3*w - 3. What are the prime factors of z(d)?
3
Suppose 0 = -3*u + 6, -5*v - 5*u = 22 - 157. Suppose 0*y = -q - 3*y + 5, 0 = -q + y + v. What are the prime factors of q?
2, 5
Let c(t) be the second derivative of -t**5/20 - t**4/4 + t**3/6 - t**2/2 + t. Let o be c(-3). Let r = o - -7. What are the prime factors of r?
3
Suppose 0 = -4*f + 6 + 26. Let y(p) = 17*p**3 + p**2 + p - 1. Let i be y(1). Let j = i - f. List the prime factors of j.
2, 5
Let g = -9 - -28. Let a(r) = -r**2 + 7*r + 10. Let d be a(8). Suppose 3*l - g = d*m - 3, l - m = 5. List the prime factors of l.
2, 3
Suppose 4*i - 36 = i. Let s = i - 18. List the prime factors of (4/s)/((-1)/21).
2, 7
Suppose 2*j - 3*j = -3*t + 200, -56 = -t + 3*j. What are the prime factors of t?
2, 17
What are the prime factors of (-12)/(-18)*(0 - -3) - -155?
157
Suppose 0 = 2*g - 10, 0*l - 